g be (-42)/4*(-10)/(-15). Let n be m(g). Let s = 19 + n. What is the units digit of s?
7
Let d be (0 - 8/4) + 83. Suppose 0 = 4*z + c - d + 11, 47 = 3*z - 2*c. What is the tens digit of z?
1
Let p = 33 - -1. What is the tens digit of p?
3
Let x = -1 + 6. Suppose -s + 17 = x*r, -s + 0*r + 4*r = 10. What is the units digit of s?
2
Suppose q + 2*q + 12 = -4*v, q = 5*v - 4. Let k be (3 - v) + -5 + 4. Let c(a) = 2*a**2 - 3*a + 1. What is the units digit of c(k)?
3
Let r = -9 + 12. Suppose -3*l - 180 = l. What is the units digit of (8/(-12))/(r/l)?
0
Let a = -89 - -36. What is the tens digit of (a/(-2))/((-2)/(-4))?
5
Suppose 2*d + 0*t = t - 5, -4*d = -4*t + 20. Suppose -4*z + 3*z = -5*u - 26, d = 4*z - 2*u - 158. Let p = z + -29. What is the tens digit of p?
1
Suppose -327*l + 330*l - 759 = 0. What is the hundreds digit of l?
2
Suppose 27 = -4*g + 143. Suppose -5*w + 2*w + 2*t + 6 = 0, g = 5*w + 3*t. Suppose 23 = 2*b - 0*b - j, -b + 15 = -w*j. What is the tens digit of b?
1
What is the units digit of 4/24*92*3?
6
Let h(f) = -f**2 + 12*f - 6. Let n be h(7). Suppose 5*p + 17 = 4*d, 6*d + 5*p = 4*d - n. What is the units digit of (-4)/d - 6/(-3)?
4
Let w(h) = h + 5. Let a be w(9). Let p = a - 10. What is the units digit of p?
4
Suppose -38 = 2*p + 3*a - 154, -5*p + 279 = 2*a. What is the units digit of p?
5
Let a = -17 + 80. What is the units digit of a?
3
Suppose 0*x + 3*x = -9. Let q(g) = g**2 + g + 3. Let k be q(x). What is the units digit of (-3)/k - 50/(-6)?
8
Let p = -42 + 63. Suppose 0 = -v, -3*u + v = -4*v - p. What is the units digit of u?
7
Suppose g - 21 = -4*y, 0 = -2*g + y - 3 + 54. Let j be (-4)/(-1) - (-1 - 0). Let v = g - j. What is the units digit of v?
0
Let f(v) = v**3 - v**2 + 2*v - 2. Let h be f(2). Let x be 1*(-12)/9*h. Let w = 7 - x. What is the units digit of w?
5
Let m(x) be the first derivative of x**2/2 - 4*x + 2. What is the units digit of m(7)?
3
Let x be (-5)/(-2) - (-6)/4. Let u(b) = b + 6 - x - 2*b. What is the units digit of u(-5)?
7
Let a(v) = -76*v - 13. What is the units digit of a(-6)?
3
Let y(m) = -6*m - 2. Let j be y(-3). Let w be j/6 + 6/(-9). Suppose w*l - 7*l = -40. What is the units digit of l?
8
Let d(x) be the first derivative of -x**2/2 - 2*x + 4. What is the units digit of d(-10)?
8
Let y(j) = 27*j**2 + 2*j - 1. What is the units digit of y(1)?
8
Suppose 35 = 3*g - 22. What is the units digit of g?
9
Let q(n) = 2*n**2 + n - 2. Suppose -4*b = -2*x - 0*b - 2, -5*b - 2 = -4*x. What is the tens digit of q(x)?
1
Suppose 0 = -4*h + 4*k - 3 - 5, -k = -4*h - 2. Suppose h*u = -4*u. Suppose -5*v = -u - 20. What is the units digit of v?
4
Suppose -402 = 22*b - 25*b. What is the units digit of b?
4
Let t = 133 + -16. What is the units digit of t?
7
Let z(o) = -o**3 + 6*o**2 + 2*o + 4. Let i be (12/5)/((-14)/(-35)). What is the tens digit of z(i)?
1
Suppose -6 = -2*q - q. Let l be 12/270*-5 + (-2)/(-9). Suppose 3*k + q*k - 50 = l. What is the tens digit of k?
1
Let p(v) = 29*v**3 + v**2 - v. Let j be -1 + 0 + 2 + 0. What is the units digit of p(j)?
9
Suppose 3*j + 0*j = -4*b + 27, 5*b = 0. What is the units digit of j?
9
Suppose 0 = -2*k + 12 - 2. Let i be 1/4 - k/20. Suppose 2*j = 6, -4*v + i*j = 5*j - 39. What is the units digit of v?
6
Suppose 0*i - 4*i + 168 = 0. Suppose 18 + i = 3*r. Suppose r = y + y. What is the units digit of y?
0
Suppose 4*i + 6*z = z + 75, 2*z - 78 = -4*i. What is the units digit of i?
0
Suppose -3*w + w = -40. Suppose d = -w - 2. Let q = d + 38. What is the tens digit of q?
1
Let i(v) be the third derivative of 0*v + 13/120*v**6 + 0*v**5 + 0 + v**2 + 0*v**3 - 1/24*v**4. What is the units digit of i(1)?
2
Suppose -88 = -4*f - 4*p, -5*p + 4 = -6. Suppose -4*x - f = x, i + x + 28 = 0. What is the units digit of 0 + 1/((-2)/i)?
2
Let p = 29 + 41. What is the tens digit of p?
7
Suppose -6*o + 2*o + 28 = 0. Suppose -4*u - 57 = -o*u. What is the tens digit of u?
1
Let w = -216 + 379. What is the tens digit of w?
6
Let q(a) = -a**3 - 2*a**2 + 2*a + 3. Suppose 0 = 2*b - 5*b. Let w be ((4 - -2) + b)/(-2). What is the units digit of q(w)?
6
What is the tens digit of (1/(-1))/((-2)/22) + 2?
1
Suppose 0 = -o - 4*o + 240. Suppose -3*h + 2*z + 92 = 0, 2*h = -5*z + o + 45. Suppose h + 22 = 4*w. What is the units digit of w?
4
Let y(p) = p + 4. Let g be y(3). Let s(d) = -d**2 + 12*d + 1. Let k be s(10). What is the units digit of 69/k - 2/g?
3
Let q = 60 + -36. What is the units digit of q?
4
Suppose 0*s + 4*s - 92 = 0. What is the units digit of 1 - -1 - (0 - s)?
5
Let s(g) = -g**2 - g + 10. Let v be s(0). Let f be (-2)/v + (-22)/(-10). Suppose -3*c - 22 = -3*u + f, 5*c = 10. What is the tens digit of u?
1
Suppose -4*a = -11*a + 938. What is the units digit of a?
4
Suppose -o + m = -m - 2, 0 = -2*m + 8. Suppose 2 = -k + o. What is the units digit of k?
8
Let b = -104 - -377. What is the hundreds digit of b?
2
Suppose -2 = 3*w - 8. Suppose 4*n + 3*q = -0*q + 96, w*n - 48 = -5*q. What is the units digit of n?
4
Suppose 57 = -j + 251. What is the tens digit of 14/(-35) + j/10?
1
Let z(v) be the third derivative of v**5/60 + v**4/24 + 3*v**3/2 + 3*v**2. What is the units digit of z(0)?
9
Suppose 5*v - 3 = -18, 5*x + v - 17 = 0. Suppose 0 = -x*s + 8 - 0. Suppose -2 = -s*j + j. What is the units digit of j?
2
Suppose g - 1 + 12 = -5*f, 5*g - 17 = -f. Suppose g*m - 25 = -m. Suppose m*v - 3 - 2 = 0. What is the units digit of v?
1
Suppose 3*l = 2*l - 4*g + 19, l - 3*g + 9 = 0. Suppose s = -l*x + 4, s + x - 20 = -4*s. What is the units digit of (-2)/(-4) - (-30)/s?
8
Let l(s) = 2*s**2 - 2*s + 3. Let r be l(2). Suppose -w - 2*w = 9. Let f = r + w. What is the units digit of f?
4
Let r = 717 - 508. What is the units digit of r?
9
Let f = 23 + -12. Suppose -3*c + f = -25. What is the units digit of c?
2
Let x be -1*3*(-1 + -10). Let f = -54 + x. What is the units digit of ((-10)/15)/(2/f)?
7
Let u be (2 + -2)/((-4)/(-2)). Suppose u*h - 2*h - 20 = 4*z, h + 5*z = -13. What is the units digit of (h/(-2))/((-6)/(-15))?
0
Suppose 0 = -z - 0 + 6. Suppose 0 = -4*v + 3*c + z + 8, 0 = 3*v - 2*c - 10. Suppose 4 = -v*w + 16. What is the units digit of w?
6
Let f(i) = i**2 + i. Let j be f(-2). Let n be -2 + j/1 - -3. Suppose 21 = 3*d + 3*t, n*d - t - 39 = -10. What is the units digit of d?
9
Let q be 2 - (7 - 1*-2). Let f = -1 + -32. What is the units digit of (-6)/(-21) + f/q?
5
Let r(j) = 10*j**2 + 3*j + 1. Let k(i) = 9*i**2 + 2*i + 1. Let c(w) = 4*k(w) - 3*r(w). What is the units digit of c(1)?
6
Let j(b) = -9*b + 3. What is the units digit of j(-5)?
8
Suppose -29 = -z - 10. What is the tens digit of z?
1
Suppose 50 - 15 = 5*t. What is the tens digit of t/21 + 29/3?
1
Let h(n) = -n + 2. Let u be h(0). Suppose 0 = -4*r + 3*c + 17, 0 = c + u + 1. What is the units digit of r?
2
Let i(s) = -2*s + 6. Let m be i(-10). Suppose -5*y = -3*y - m. Suppose r + x - 9 = 0, r + x = -r + y. What is the units digit of r?
4
What is the tens digit of -1 + (-1 + 2)*81?
8
Let f(j) be the second derivative of -j**5/20 + 7*j**4/12 - j**3 + 5*j**2/2 - j. Let d = 12 - 6. What is the units digit of f(d)?
5
Suppose 11*u = 7*u + 224. What is the tens digit of u?
5
Suppose 160 = -5*w - 695. Let v be (-2)/8 + w/(-12). What is the units digit of 60/v - 10/35?
4
Suppose 16 = 4*r - 2*h, 2*h - 16 = -4*r + 8. Let c = r - 9. Let z = c + 6. What is the units digit of z?
2
Suppose 0 = x + 5*t - 0*t - 57, 0 = x - 4*t - 102. What is the tens digit of x?
8
Suppose 0 = -2*p + 4 + 2. Suppose 0 = -p*t + 2*t + 3. What is the units digit of t?
3
Let c be 1/(-5) + (-27)/15. Let j = 4 + c. Suppose 0 = -j*h - 5*w - 2, 4*h = -2*w + 4 + 8. What is the units digit of h?
4
Let j(r) = 2*r**3 - 2*r**2 - 5*r + 3. What is the tens digit of j(3)?
2
Suppose 5*w + 4*n + 54 = 0, -n = -3*w - 2*w - 74. Let z(l) = -l**3 + l**2 + l - 23. Let d be z(0). Let c = w - d. What is the units digit of c?
9
Let x(a) = a**3 - 7*a**2 + 6*a + 2. Suppose -3*w + 0*w + 29 = -5*f, -2*w + 2*f + 22 = 0. Let z = -7 + w. What is the units digit of x(z)?
2
Let o be (-20)/(-6)*6/5. Suppose -3*u + 2 = -4*q - 5, -o*u = q - 3. What is the units digit of u?
1
Let y(u) = -1 - 5 + 2 - 8*u**2 + 2*u + u**3. Let t be y(8). Suppose -v + t = 3*l + 2*v, -2*l - v = -6. What is the units digit of l?
2
Let s(i) = 8*i - 1